{"id":47,"date":"2016-03-19T11:14:50","date_gmt":"2016-03-19T10:14:50","guid":{"rendered":"http:\/\/www.win3loesungen.at\/test\/?page_id=47"},"modified":"2016-03-20T23:28:06","modified_gmt":"2016-03-20T22:28:06","slug":"systemische-aufstellungsarbeit","status":"publish","type":"page","link":"http:\/\/www.win3loesungen.at\/test\/systemische-aufstellungsarbeit\/","title":{"rendered":"Systemische Aufstellungsarbeit"},"content":{"rendered":"<p>Die inneren Bilder, die wir betreffend Probleme, Situationen oder Anliegen haben, werden symbolisch im Au\u00dfen sichtbar gemacht. Dadurch werden Zusammenh\u00e4nge und Dynamiken von Beziehungen erkennbar. Das Wahrnehmen er\u00f6ffnet neue Sicht- und L\u00f6sungsm\u00f6glichkeiten.<\/p>\n<p style=\"text-align: center;\"><span style=\"color: #ff8d0a;\"><strong>\u00a0Vergeben | Verzeihen | Frieden finden<\/strong><\/span><\/p>\n<hr \/>\n<h4><strong><em><span style=\"color: #ff8d0a;\">\u201eDas gro\u00dfe Gl\u00fcck ist, mit sich selbst im Reinen zu sein.\u201c <\/span><\/em><\/strong><br \/>\n<strong><span style=\"color: #ff8d0a;\">Bernard Le Bovier de Fontenelle<\/span><\/strong><\/h4>\n","protected":false},"excerpt":{"rendered":"<p>Die inneren Bilder, die wir betreffend Probleme, Situationen oder Anliegen haben, werden symbolisch im Au\u00dfen sichtbar gemacht. Dadurch werden Zusammenh\u00e4nge und Dynamiken von Beziehungen erkennbar. Das Wahrnehmen er\u00f6ffnet neue Sicht- und L\u00f6sungsm\u00f6glichkeiten. \u00a0Vergeben | Verzeihen | Frieden finden \u201eDas gro\u00dfe Gl\u00fcck ist, mit sich selbst im Reinen zu sein.\u201c Bernard Le Bovier de Fontenelle<\/p>\n","protected":false},"author":1,"featured_media":0,"parent":0,"menu_order":0,"comment_status":"closed","ping_status":"closed","template":"","meta":{"_acf_changed":false,"footnotes":""},"class_list":["post-47","page","type-page","status-publish","h-entry","hentry","h-as-page"],"acf":[],"amp_enabled":true,"_links":{"self":[{"href":"http:\/\/www.win3loesungen.at\/test\/wp-json\/wp\/v2\/pages\/47","targetHints":{"allow":["GET"]}}],"collection":[{"href":"http:\/\/www.win3loesungen.at\/test\/wp-json\/wp\/v2\/pages"}],"about":[{"href":"http:\/\/www.win3loesungen.at\/test\/wp-json\/wp\/v2\/types\/page"}],"author":[{"embeddable":true,"href":"http:\/\/www.win3loesungen.at\/test\/wp-json\/wp\/v2\/users\/1"}],"replies":[{"embeddable":true,"href":"http:\/\/www.win3loesungen.at\/test\/wp-json\/wp\/v2\/comments?post=47"}],"version-history":[{"count":4,"href":"http:\/\/www.win3loesungen.at\/test\/wp-json\/wp\/v2\/pages\/47\/revisions"}],"predecessor-version":[{"id":195,"href":"http:\/\/www.win3loesungen.at\/test\/wp-json\/wp\/v2\/pages\/47\/revisions\/195"}],"wp:attachment":[{"href":"http:\/\/www.win3loesungen.at\/test\/wp-json\/wp\/v2\/media?parent=47"}],"curies":[{"name":"wp","href":"https:\/\/api.w.org\/{rel}","templated":true}]}}